{"id":939,"date":"2024-07-08T07:42:52","date_gmt":"2024-07-08T07:42:52","guid":{"rendered":"https:\/\/inbocaelda.es\/?page_id=939"},"modified":"2025-10-13T08:14:17","modified_gmt":"2025-10-13T08:14:17","slug":"blog","status":"publish","type":"page","link":"https:\/\/hungry-feistel.185-226-232-135.plesk.page\/?page_id=939","title":{"rendered":"Blog"},"content":{"rendered":"\t\t<div data-elementor-type=\"wp-page\" data-elementor-id=\"939\" class=\"elementor elementor-939\" data-elementor-post-type=\"page\">\n\t\t\t\t\t\t<section class=\"elementor-section elementor-top-section elementor-element elementor-element-0d16846 elementor-section-boxed elementor-section-height-default elementor-section-height-default\" data-id=\"0d16846\" data-element_type=\"section\" data-e-type=\"section\">\n\t\t\t\t\t\t<div class=\"elementor-container elementor-column-gap-default\">\n\t\t\t\t\t<div class=\"elementor-column elementor-col-100 elementor-top-column elementor-element elementor-element-997eb95\" data-id=\"997eb95\" data-element_type=\"column\" data-e-type=\"column\">\n\t\t\t<div class=\"elementor-widget-wrap elementor-element-populated\">\n\t\t\t\t\t\t<div class=\"elementor-element elementor-element-885bae3 elementor-posts__hover-none elementor-grid-3 elementor-grid-tablet-2 elementor-grid-mobile-1 elementor-posts--thumbnail-top elementor-card-shadow-yes elementor-widget elementor-widget-posts\" data-id=\"885bae3\" data-element_type=\"widget\" data-e-type=\"widget\" data-settings=\"{&quot;pagination_type&quot;:&quot;load_more_infinite_scroll&quot;,&quot;cards_columns&quot;:&quot;3&quot;,&quot;cards_columns_tablet&quot;:&quot;2&quot;,&quot;cards_columns_mobile&quot;:&quot;1&quot;,&quot;cards_row_gap&quot;:{&quot;unit&quot;:&quot;px&quot;,&quot;size&quot;:35,&quot;sizes&quot;:[]},&quot;cards_row_gap_tablet&quot;:{&quot;unit&quot;:&quot;px&quot;,&quot;size&quot;:&quot;&quot;,&quot;sizes&quot;:[]},&quot;cards_row_gap_mobile&quot;:{&quot;unit&quot;:&quot;px&quot;,&quot;size&quot;:&quot;&quot;,&quot;sizes&quot;:[]},&quot;load_more_spinner&quot;:{&quot;value&quot;:&quot;fas fa-spinner&quot;,&quot;library&quot;:&quot;fa-solid&quot;}}\" data-widget_type=\"posts.cards\">\n\t\t\t\t<div class=\"elementor-widget-container\">\n\t\t\t\t\t\t\t<div class=\"elementor-posts-container elementor-posts elementor-posts--skin-cards elementor-grid\" role=\"list\">\r\n\t\t\t\t<article class=\"elementor-post elementor-grid-item post-1020 post type-post status-publish format-standard has-post-thumbnail hentry category-uncategorized\" role=\"listitem\">\r\n\t\t\t<div class=\"elementor-post__card\">\r\n\t\t\t\t<a class=\"elementor-post__thumbnail__link\" href=\"https:\/\/hungry-feistel.185-226-232-135.plesk.page\/?p=1020\" tabindex=\"-1\" target=\"_blank\"><div class=\"elementor-post__thumbnail\"><img fetchpriority=\"high\" decoding=\"async\" width=\"300\" height=\"200\" src=\"https:\/\/hungry-feistel.185-226-232-135.plesk.page\/wp-content\/uploads\/2025\/01\/DSC00243-300x200.jpg\" class=\"attachment-medium size-medium wp-image-1021\" alt=\"Doctor e higienista tratando a paciente en Cl\u00ednica dental en Elda\" srcset=\"https:\/\/hungry-feistel.185-226-232-135.plesk.page\/wp-content\/uploads\/2025\/01\/DSC00243-300x200.jpg 300w, https:\/\/hungry-feistel.185-226-232-135.plesk.page\/wp-content\/uploads\/2025\/01\/DSC00243-1024x684.jpg 1024w, https:\/\/hungry-feistel.185-226-232-135.plesk.page\/wp-content\/uploads\/2025\/01\/DSC00243-768x513.jpg 768w, https:\/\/hungry-feistel.185-226-232-135.plesk.page\/wp-content\/uploads\/2025\/01\/DSC00243-1536x1026.jpg 1536w, https:\/\/hungry-feistel.185-226-232-135.plesk.page\/wp-content\/uploads\/2025\/01\/DSC00243-2048x1368.jpg 2048w\" sizes=\"(max-width: 300px) 100vw, 300px\" \/><\/div><\/a>\r\n\t\t\t\t<div class=\"elementor-post__text\">\r\n\t\t\t\t<h2 class=\"elementor-post__title\">\r\n\t\t\t<a href=\"https:\/\/hungry-feistel.185-226-232-135.plesk.page\/?p=1020\" target=&quot;_blank&quot;>\r\n\t\t\t\tProp\u00f3sitos de A\u00f1o Nuevo para una Sonrisa Saludable en Cl\u00ednica Inboca Elda\t\t\t<\/a>\r\n\t\t<\/h2>\r\n\t\t\r\n\t\t<a class=\"elementor-post__read-more\" href=\"https:\/\/hungry-feistel.185-226-232-135.plesk.page\/?p=1020\" aria-label=\"Read more about Prop\u00f3sitos de A\u00f1o Nuevo para una Sonrisa Saludable en Cl\u00ednica Inboca Elda\" tabindex=\"-1\" target=\"_blank\">\r\n\t\t\tLeer Art\u00edculo\t\t<\/a>\r\n\r\n\t\t\t\t<\/div>\r\n\t\t\t\t\t<\/div>\r\n\t\t<\/article>\r\n\t\t\t\t<article class=\"elementor-post elementor-grid-item post-990 post type-post status-publish format-standard hentry category-uncategorized\" role=\"listitem\">\r\n\t\t\t<div class=\"elementor-post__card\">\r\n\t\t\t\t<div class=\"elementor-post__text\">\r\n\t\t\t\t<h2 class=\"elementor-post__title\">\r\n\t\t\t<a href=\"https:\/\/hungry-feistel.185-226-232-135.plesk.page\/?p=990\" target=&quot;_blank&quot;>\r\n\t\t\t\tLos Beneficios de la Ortodoncia Invisible en Elda: Experiencia y Resultados\t\t\t<\/a>\r\n\t\t<\/h2>\r\n\t\t\r\n\t\t<a class=\"elementor-post__read-more\" href=\"https:\/\/hungry-feistel.185-226-232-135.plesk.page\/?p=990\" aria-label=\"Read more about Los Beneficios de la Ortodoncia Invisible en Elda: Experiencia y Resultados\" tabindex=\"-1\" target=\"_blank\">\r\n\t\t\tLeer Art\u00edculo\t\t<\/a>\r\n\r\n\t\t\t\t<\/div>\r\n\t\t\t\t\t<\/div>\r\n\t\t<\/article>\r\n\t\t\t\t<article class=\"elementor-post elementor-grid-item post-968 post type-post status-publish format-standard hentry category-uncategorized\" role=\"listitem\">\r\n\t\t\t<div class=\"elementor-post__card\">\r\n\t\t\t\t<div class=\"elementor-post__text\">\r\n\t\t\t\t<h2 class=\"elementor-post__title\">\r\n\t\t\t<a href=\"https:\/\/hungry-feistel.185-226-232-135.plesk.page\/?p=968\" target=&quot;_blank&quot;>\r\n\t\t\t\tBienvenidos a Inboca Elda: Tu Nueva Cl\u00ednica Dental de Confianza\t\t\t<\/a>\r\n\t\t<\/h2>\r\n\t\t\r\n\t\t<a class=\"elementor-post__read-more\" href=\"https:\/\/hungry-feistel.185-226-232-135.plesk.page\/?p=968\" aria-label=\"Read more about Bienvenidos a Inboca Elda: Tu Nueva Cl\u00ednica Dental de Confianza\" tabindex=\"-1\" target=\"_blank\">\r\n\t\t\tLeer Art\u00edculo\t\t<\/a>\r\n\r\n\t\t\t\t<\/div>\r\n\t\t\t\t\t<\/div>\r\n\t\t<\/article>\r\n\t\t\t\t<\/div>\r\n\t\t\t\t\t<span class=\"e-load-more-spinner\">\r\n\t\t\t\t<svg aria-hidden=\"true\" class=\"e-font-icon-svg e-fas-spinner\" viewBox=\"0 0 512 512\" xmlns=\"http:\/\/www.w3.org\/2000\/svg\"><path d=\"M304 48c0 26.51-21.49 48-48 48s-48-21.49-48-48 21.49-48 48-48 48 21.49 48 48zm-48 368c-26.51 0-48 21.49-48 48s21.49 48 48 48 48-21.49 48-48-21.49-48-48-48zm208-208c-26.51 0-48 21.49-48 48s21.49 48 48 48 48-21.49 48-48-21.49-48-48-48zM96 256c0-26.51-21.49-48-48-48S0 229.49 0 256s21.49 48 48 48 48-21.49 48-48zm12.922 99.078c-26.51 0-48 21.49-48 48s21.49 48 48 48 48-21.49 48-48c0-26.509-21.491-48-48-48zm294.156 0c-26.51 0-48 21.49-48 48s21.49 48 48 48 48-21.49 48-48c0-26.509-21.49-48-48-48zM108.922 60.922c-26.51 0-48 21.49-48 48s21.49 48 48 48 48-21.49 48-48-21.491-48-48-48z\"><\/path><\/svg>\t\t\t<\/span>\r\n\t\t\r\n\t\t\t\t\t\t<\/div>\n\t\t\t\t<\/div>\n\t\t\t\t\t<\/div>\n\t\t<\/div>\n\t\t\t\t\t<\/div>\n\t\t<\/section>\n\t\t\t\t<\/div>\n\t\t","protected":false},"excerpt":{"rendered":"","protected":false},"author":1,"featured_media":0,"parent":0,"menu_order":0,"comment_status":"closed","ping_status":"closed","template":"","meta":{"site-sidebar-layout":"no-sidebar","site-content-layout":"","ast-site-content-layout":"full-width-container","site-content-style":"default","site-sidebar-style":"default","ast-global-header-display":"","ast-banner-title-visibility":"","ast-main-header-display":"","ast-hfb-above-header-display":"","ast-hfb-below-header-display":"","ast-hfb-mobile-header-display":"","site-post-title":"disabled","ast-breadcrumbs-content":"","ast-featured-img":"disabled","footer-sml-layout":"","ast-disable-related-posts":"","theme-transparent-header-meta":"","adv-header-id-meta":"","stick-header-meta":"","header-above-stick-meta":"","header-main-stick-meta":"","header-below-stick-meta":"","astra-migrate-meta-layouts":"default","ast-page-background-enabled":"default","ast-page-background-meta":{"desktop":{"background-color":"var(--ast-global-color-4)","background-image":"","background-repeat":"repeat","background-position":"center center","background-size":"auto","background-attachment":"scroll","background-type":"","background-media":"","overlay-type":"","overlay-color":"","overlay-opacity":"","overlay-gradient":""},"tablet":{"background-color":"","background-image":"","background-repeat":"repeat","background-position":"center center","background-size":"auto","background-attachment":"scroll","background-type":"","background-media":"","overlay-type":"","overlay-color":"","overlay-opacity":"","overlay-gradient":""},"mobile":{"background-color":"","background-image":"","background-repeat":"repeat","background-position":"center center","background-size":"auto","background-attachment":"scroll","background-type":"","background-media":"","overlay-type":"","overlay-color":"","overlay-opacity":"","overlay-gradient":""}},"ast-content-background-meta":{"desktop":{"background-color":"var(--ast-global-color-5)","background-image":"","background-repeat":"repeat","background-position":"center center","background-size":"auto","background-attachment":"scroll","background-type":"","background-media":"","overlay-type":"","overlay-color":"","overlay-opacity":"","overlay-gradient":""},"tablet":{"background-color":"var(--ast-global-color-5)","background-image":"","background-repeat":"repeat","background-position":"center center","background-size":"auto","background-attachment":"scroll","background-type":"","background-media":"","overlay-type":"","overlay-color":"","overlay-opacity":"","overlay-gradient":""},"mobile":{"background-color":"var(--ast-global-color-5)","background-image":"","background-repeat":"repeat","background-position":"center center","background-size":"auto","background-attachment":"scroll","background-type":"","background-media":"","overlay-type":"","overlay-color":"","overlay-opacity":"","overlay-gradient":""}},"footnotes":""},"class_list":["post-939","page","type-page","status-publish","hentry"],"_links":{"self":[{"href":"https:\/\/hungry-feistel.185-226-232-135.plesk.page\/index.php?rest_route=\/wp\/v2\/pages\/939","targetHints":{"allow":["GET"]}}],"collection":[{"href":"https:\/\/hungry-feistel.185-226-232-135.plesk.page\/index.php?rest_route=\/wp\/v2\/pages"}],"about":[{"href":"https:\/\/hungry-feistel.185-226-232-135.plesk.page\/index.php?rest_route=\/wp\/v2\/types\/page"}],"author":[{"embeddable":true,"href":"https:\/\/hungry-feistel.185-226-232-135.plesk.page\/index.php?rest_route=\/wp\/v2\/users\/1"}],"replies":[{"embeddable":true,"href":"https:\/\/hungry-feistel.185-226-232-135.plesk.page\/index.php?rest_route=%2Fwp%2Fv2%2Fcomments&post=939"}],"version-history":[{"count":5,"href":"https:\/\/hungry-feistel.185-226-232-135.plesk.page\/index.php?rest_route=\/wp\/v2\/pages\/939\/revisions"}],"predecessor-version":[{"id":2021,"href":"https:\/\/hungry-feistel.185-226-232-135.plesk.page\/index.php?rest_route=\/wp\/v2\/pages\/939\/revisions\/2021"}],"wp:attachment":[{"href":"https:\/\/hungry-feistel.185-226-232-135.plesk.page\/index.php?rest_route=%2Fwp%2Fv2%2Fmedia&parent=939"}],"curies":[{"name":"wp","href":"https:\/\/api.w.org\/{rel}","templated":true}]}}